what is 5 + -377351?
-377345
In base 13, what is -2a482 - 5?
-2a487
In base 10, what is -22380 + -201?
-22581
In base 12, what is 1832 - -25b?
1a91
In base 11, what is 13 + -2375?
-2362
In base 9, what is -5 + 15808?
15803
In base 11, what is 5512 - -1a1?
5703
In base 7, what is 2 - -1345335?
1345340
In base 5, what is -10 - -2102013?
2102003
In base 12, what is 6a517 - -17?
6a532
In base 8, what is -2453 + 31?
-2422
In base 6, what is 1335 - 113?
1222
In base 8, what is 11 + 141216?
141227
In base 13, what is 1258 + -a2?
1186
In base 7, what is -130356 + -1?
-130360
In base 5, what is -1041 + -234223?
-240314
In base 12, what is 7 + -2661?
-2656
In base 7, what is 403 + 2232?
2635
In base 5, what is -13032 + -33?
-13120
In base 10, what is -1713 - -15?
-1698
In base 15, what is -858 - 31?
-889
In base 7, what is -1 - -2265?
2264
In base 2, what is 111010110 - 1100011?
101110011
In base 11, what is -348 - 32aa?
-3647
In base 6, what is -12 - 10021?
-10033
In base 12, what is 10634 - 4?
10630
In base 5, what is 2 - -13302123?
13302130
In base 10, what is -1 + 40399?
40398
In base 3, what is -2221012 - 101?
-2221120
In base 10, what is 858683 - -2?
858685
In base 4, what is -12211 - -1020300?
1002023
In base 16, what is -2c + 64a1?
6475
In base 4, what is -11 + -100230310?
-100230321
In base 10, what is 2009 - 334?
1675
In base 13, what is 2 + 6a3a3?
6a3a5
In base 2, what is 111100110100 + 1000101?
111101111001
In base 14, what is -bc + -37d?
-45b
In base 11, what is -1aa686 - 5?
-1aa690
In base 5, what is 120403403 + -2?
120403401
In base 13, what is -16022 + 17?
-16008
In base 12, what is -37629 + -11?
-3763a
In base 13, what is -21 + -44742?
-44763
In base 4, what is -311111 + -10?
-311121
In base 3, what is -12111112 - 10101?
-12121220
In base 8, what is 7001 + 22?
7023
In base 5, what is -4431 - -441?
-3440
In base 5, what is 1034 + -1223?
-134
In base 3, what is 1000 - 200200021?
-200122021
In base 16, what is -113f0 + 4?
-113ec
In base 11, what is -6a4857 - 4?
-6a4860
In base 7, what is 3 - 6240646?
-6240643
In base 15, what is 85619 - 2?
85617
In base 14, what is -508a + 32?
-5058
In base 4, what is -12231211103 - -2?
-12231211101
In base 7, what is -2606515 - 0?
-2606515
In base 8, what is 273 - 411?
-116
In base 6, what is -4342 + 2251?
-2051
In base 6, what is 5 - 350031?
-350022
In base 10, what is 47682 + -3?
47679
In base 2, what is -111000001110 - -101?
-111000001001
In base 9, what is 22084 + 5?
22100
In base 16, what is -198 + e6?
-b2
In base 15, what is 1be - 1b?
1a3
In base 16, what is -990 - -19?
-977
In base 5, what is -1 + -40243410?
-40243411
In base 9, what is 440271 - 4?
440266
In base 8, what is 72 + -156?
-64
In base 15, what is 44b - -7?
453
In base 9, what is -4478 + -73?
-4562
In base 11, what is 1a0 + 3930?
4020
In base 3, what is 2122020121 - -12010?
2122102201
In base 14, what is 4 + -5d2?
-5cc
In base 15, what is 436 - -11?
447
In base 8, what is 5634 + -1743?
3671
In base 6, what is -3 + -5525153?
-5525200
In base 12, what is -39 - 4994?
-4a11
In base 2, what is 100 - 11000110011111001?
-11000110011110101
In base 2, what is 11 + -100010101010100?
-100010101010001
In base 2, what is 1000000010101011 + 100?
1000000010101111
In base 13, what is -1bc5 + 1c6?
-19cc
In base 11, what is 45 - 1251?
-1207
In base 12, what is -2722 - -1186?
-1558
In base 7, what is 1355155 + 4?
1355162
In base 3, what is 10202001120 - -112?
10202002002
In base 3, what is 1120 + -2220102?
-2211212
In base 2, what is -1001100000111011010 + 1?
-1001100000111011001
In base 7, what is -306 - 31?
-340
In base 10, what is 18188 + 3?
18191
In base 12, what is -56a - 9a1?
-134b
In base 4, what is -22 + -13300331?
-13301013
In base 9, what is 3380 - 67?
3312
In base 9, what is 11176 + 55?
11242
In base 10, what is 238893 + -8?
238885
In base 13, what is -23a + -155?
-392
In base 7, what is 252410 - 3?
252404
In base 12, what is -815 - 69?
-882
In base 7, what is -1 + -332516?
-332520
In base 6, what is -23 + -5120024?
-5120051
In base 12, what is 1 + 206b6?
206b7
In base 9, what is 268 - 2468?
-2200
In base 10, what is 238 - 17423?
-17185
In base 10, what is -185 + -656?
-841
In base 5, what is 20 - 13404?
-13334
In base 3, what is 0 - -12202120?
12202120
In base 16, what is 5 + 46d4?
46d9
In base 16, what is -4 + -5c5fd?
-5c601
In base 4, what is -212 - 32002?
-32220
In base 7, what is 500633 + 3?
500636
In base 10, what is 6452 - 0?
6452
In base 5, what is -413142 - -41?
-413101
In base 3, what is -12010102 - 10100?
-12020202
In base 9, what is -433106 - -5?
-433101
In base 2, what is -111000010 - 1001110000?
-10000110010
In base 4, what is 3133 - 120201?
-111002
In base 14, what is -21 - 332b?
-334c
In base 12, what is 13 + -8217a?
-82167
In base 11, what is -2a8 + 59?
-24a
In base 14, what is -26c4 + 3?
-26c1
In base 9, what is -354 + -30?
-384
In base 12, what is -2 - 590a?
-5910
In base 9, what is -2222104 + 4?
-2222100
In base 3, what is -1220000120 + 11?
-1220000102
In base 15, what is 1d59b1 - -3?
1d59b4
In base 7, what is 126 - 11134?
-11005
In base 6, what is -2 + 24153143?
24153141
In base 8, what is 171 - -1513?
1704
In base 8, what is 763 - 22?
741
In base 8, what is 2764 - 1734?
1030
In base 10, what is -1 + -66457?
-66458
In base 12, what is 39 + -311?
-294
In base 13, what is -4 - -41b1?
41aa
In base 2, what is -11111 + 1010011001010?
1010010101011
In base 7, what is 466 - -30302?
31101
In base 6, what is -2 - -105510?
105504
In base 15, what is 787 - -4?
78b
In base 11, what is 24 - -5192?
5206
In base 9, what is -858 - 502?
-1461
In base 12, what is -5a - -13175?
13117
In base 16, what is ef75 - -4?
ef79
In base 16, what is 5 + 115c3?
115c8
In base 15, what is 0 - c0d?
-c0d
In base 3, what is 1001122212110 - 2?
1001122212101
In base 13, what is -5225 - 6?
-522b
In base 10, what is -12 - -6065?
6053
In base 2, what is 111000110 + 1001?
111001111
In base 9, what is -16 + -22887?
-23014
In base 6, what is 13 + -234021?
-234004
In base 5, what is -34202 + 0?
-34202
In base 3, what is 121102 + 1201?
200010
In base 14, what is 21a - 15?
205
In base 9, what is -3 + 182747?
182744
In base 5, what is -4 + -20334303?
-20334312
In base 12, what is -47 - 1212?
-1259
In base 7, what is -125011 - 0?
-125011
In base 9, what is -23 + 3330?
3306
In base 9, what is 6254776 + 0?
6254776
In base 12, what is -294 - -294?
0
In base 11, what is 12376 - 6?
12370
In base 5, what is 120342340 + -10?
120342330
In base 11, what is -180 + 1170?
aa0
In base 5, what is -2 - 1002421?
-1002423
In base 12, what is -21b + 189?
-52
In base 13, what is -1c444 + 4?
-1c440
In base 12, what is -2868 + -261?
-2b09
In base 14, what is -3a + 3dd?
3a3
In base 5, what is 1440043 + -44?
1434444
In base 8, what is 12 + 10703?
10715
In base 9, what is 4053 + -156?
3786
In base 8, what is 1 - 10465?
-10464
In base 14, what is -1c0a23 - -3?
-1c0a20
In base 7, what is 420405 - -11?
420416
In base 4, what is -3120121313 + 2?
-3120121311
In base 15, what is 2d15c - 0?
2d15c
In base 10, what is -5115 - 951?
-6066
In base 5, what is 2 + -122440?
-122433
In base 12, what is -1b + -182?
-1a1
In base 10, what is 6 - -16133?
16139
In base 3, what is -11 + -1210100100?
-1210100111
In base 11, what is -10 + -260389?
-260399
In base 8, what is 130 - -11310?
11440
In base 5, what is 12230141 + 3?
12230144
In base 3, what is -112120 - -22002?
-20111
In base 13, what is 1183a3 - 0?
1183a3
In base 7, what is 4343 + -11?
4332
In base 10, what is 819 + -62?
757
In base 2, what is -10 - 101001011000110110?
-101001011000111000
In base 11, what is 12705 + -13?
126a2
In base 5, what is 2 + 43212024?
43212031
In base 13, what is -7 - -29?
22
In base 15, what is 74d - -9?
757
In base 14, what is -3 - 249ac?
-249b1
In base 12, what is aa5b5 + -2?
aa5b3
In base 13, what is 9b9 + 2a?
a16
In base 10, what is 681 + 198?
879
In base 15, what is 1467 - 4?
1463
In base 9, what is 472883 + 2?
472885
In base 10, what is 39326 + 43?
39369
In base 11, what is 522618 + 4?
522621
In base 5, what is -11 + 23441?
23430
In base 13, what is -3 + 41877?
41874
In base 9, what is -248 + -56?
-315
In base 3, what is -12212110220 - 2?
-12212110222
In base 15, what is 43b7 - -45?
440c
In base 14, what is 1 + -502c?
-502